{"id":7,"date":"2026-04-29T14:14:26","date_gmt":"2026-04-29T14:14:26","guid":{"rendered":"http:\/\/sakiremlak.com\/sakir-emlak\/"},"modified":"2026-04-29T14:24:14","modified_gmt":"2026-04-29T14:24:14","slug":"sakir-emlak","status":"publish","type":"page","link":"https:\/\/sakiremlak.com\/","title":{"rendered":"\u015eakir Emlak"},"content":{"rendered":"    <style>\n      @import url('https:\/\/fonts.googleapis.com\/css2?family=Inter:wght@400;500;600;700;800&family=Playfair+Display:wght@600;700;800&display=swap');\n\n      body.page-template-default,\n      body {\n        margin:0 !important;\n        background:#eef1f3 !important;\n      }\n\n      body .wp-site-blocks,\n      body .site,\n      body #page,\n      body #content,\n      body .content-area,\n      body .site-content,\n      body main,\n      body article,\n      body .entry-content {\n        margin:0 !important;\n        padding:0 !important;\n        max-width:none !important;\n        width:100% !important;\n      }\n\n      body header.wp-block-template-part,\n      body footer.wp-block-template-part,\n      body .wp-block-post-title,\n      body .entry-title,\n      body .site-header,\n      body .site-footer,\n      body .comments-area,\n      body .post-navigation {\n        display:none !important;\n      }\n\n      .sakir-wrap * {\n        box-sizing:border-box;\n      }\n\n      .sakir-wrap {\n        --bg:#eef1f3;\n        --navy:#12143b;\n        --muted:#607083;\n        --line:#d9dee5;\n        --white:#fff;\n        --accent:#c9a46a;\n        font-family:'Inter', Arial, sans-serif;\n        color:var(--navy);\n        background:var(--bg);\n        width:100vw;\n        margin-left:calc(50% - 50vw);\n        overflow:hidden;\n      }\n\n      .sakir-header {\n        height:94px;\n        padding:0 7vw;\n        display:flex;\n        align-items:center;\n        justify-content:space-between;\n        border-bottom:1px solid var(--line);\n        background:rgba(238,241,243,.94);\n        position:sticky;\n        top:0;\n        z-index:50;\n        backdrop-filter:blur(14px);\n      }\n\n      .sakir-logo {\n        display:flex;\n        align-items:center;\n        gap:0;\n        text-decoration:none;\n        color:var(--navy);\n      }\n\n      .sakir-logo-text strong {\n        display:block;\n        font-family:'Playfair Display', serif;\n        font-size:34px;\n        line-height:1;\n        letter-spacing:.3px;\n      }\n\n      .sakir-logo-text span {\n        display:block;\n        margin-top:8px;\n        font-size:10px;\n        letter-spacing:5px;\n        font-weight:700;\n        color:#6e7888;\n      }\n\n      .sakir-menu {\n        display:flex;\n        align-items:center;\n        gap:40px;\n        margin-left:auto;\n      }\n\n      .sakir-menu a {\n        text-decoration:none;\n        color:var(--navy);\n        font-size:14px;\n        letter-spacing:.7px;\n        font-weight:800;\n        text-transform:uppercase;\n      }\n\n      .sakir-menu a:hover {\n        color:var(--accent);\n      }\n\n      .sakir-hero {\n        min-height:calc(100vh - 94px);\n        display:grid;\n        grid-template-columns:.95fr 1.05fr;\n        align-items:center;\n        gap:5vw;\n        padding:5.5vw 7vw 6vw;\n        position:relative;\n        overflow:hidden;\n      }\n\n      .sakir-hero::before {\n        content:\"\";\n        position:absolute;\n        inset:0;\n        background:\n          linear-gradient(90deg, rgba(238,241,243,.90) 0%, rgba(238,241,243,.78) 30%, rgba(238,241,243,.42) 58%, rgba(238,241,243,.08) 100%),\n          url('https:\/\/sakiremlak.com\/wp-content\/plugins\/sakir-emlak-son-kesin\/assets\/sakir-emlak-vitrin.jpg') center center \/ cover no-repeat;\n        filter:blur(2px);\n        transform:scale(1.02);\n        opacity:.82;\n        z-index:0;\n      }\n\n      .sakir-hero > div {\n        position:relative;\n        z-index:2;\n      }\n\n      .sakir-hero::after {\n        content:\"\";\n        position:absolute;\n        width:240px;\n        height:240px;\n        border-radius:50%;\n        background:rgba(18,20,59,.78);\n        right:6vw;\n        top:24%;\n        z-index:1;\n      }\n\n      .sakir-kicker {\n        font-size:13px;\n        font-weight:800;\n        letter-spacing:9px;\n        color:#6c788b;\n        text-transform:uppercase;\n        margin-bottom:28px;\n      }\n\n      .sakir-hero h1 {\n        font-family:'Playfair Display', Georgia, serif !important;\n        font-size:clamp(66px, 8.7vw, 150px) !important;\n        line-height:.84 !important;\n        letter-spacing:-4px;\n        margin:0 0 32px !important;\n        color:var(--navy) !important;\n        font-weight:800 !important;\n      }\n\n      .sakir-hero p {\n        max-width:610px;\n        font-size:19px;\n        line-height:1.9;\n        color:#33445b;\n        margin:0 0 34px;\n      }\n\n      .sakir-actions {\n        display:flex;\n        gap:16px;\n        flex-wrap:wrap;\n      }\n\n      .sakir-btn {\n        display:inline-flex;\n        align-items:center;\n        justify-content:center;\n        min-height:58px;\n        padding:0 28px;\n        text-decoration:none;\n        border:2px solid var(--navy);\n        color:var(--navy);\n        font-weight:900;\n        text-transform:uppercase;\n        letter-spacing:.8px;\n        font-size:14px;\n        background:transparent;\n      }\n\n      .sakir-btn.primary {\n        background:var(--navy);\n        color:#fff;\n      }\n\n      .sakir-photo-wrap {\n        position:relative;\n        z-index:2;\n      }\n\n      .sakir-photo-card {\n        background:rgba(255,255,255,.50);\n        border:1px solid rgba(255,255,255,.70);\n        padding:14px;\n        box-shadow:0 35px 80px rgba(18,20,59,.12);\n        position:relative;\n        backdrop-filter:blur(8px);\n      }\n\n      .sakir-photo-card img {\n        width:100%;\n        height:min(60vh, 590px);\n        min-height:410px;\n        object-fit:cover;\n        display:block;\n        opacity:.88;\n      }\n\n      .sakir-year {\n        position:absolute;\n        left:-56px;\n        bottom:54px;\n        background:var(--navy);\n        color:#fff;\n        min-width:210px;\n        min-height:94px;\n        display:flex;\n        align-items:center;\n        justify-content:center;\n        font-family:'Playfair Display', Georgia, serif;\n        font-size:48px;\n        font-weight:800;\n        letter-spacing:1px;\n      }\n\n      .sakir-section {\n        padding:80px 7vw;\n        border-top:1px solid var(--line);\n      }\n\n      #hakkimizda {\n        position:relative;\n        overflow:hidden;\n        padding-bottom:40px;\n      }\n\n      #hakkimizda > * {\n        position:relative;\n        z-index:2;\n      }\n\n      .sakir-section.dark {\n        background:var(--navy);\n        color:#fff;\n      }\n\n      .sakir-title-row {\n        display:flex;\n        justify-content:space-between;\n        gap:60px;\n        align-items:flex-end;\n        margin-bottom:44px;\n      }\n\n      .sakir-title-row small {\n        color:#7c8798;\n        font-weight:900;\n        letter-spacing:9px;\n        text-transform:uppercase;\n      }\n\n      .sakir-title-row h2 {\n        font-family:'Playfair Display', Georgia, serif !important;\n        font-size:clamp(44px,5vw,82px) !important;\n        line-height:.95 !important;\n        margin:14px 0 0 !important;\n        color:inherit !important;\n      }\n\n      .sakir-title-row p {\n        max-width:520px;\n        color:#5d6e82;\n        line-height:1.8;\n        font-size:17px;\n      }\n\n      .sakir-section.dark .sakir-title-row p,\n      .sakir-section.dark .sakir-title-row small {\n        color:#c2c8d5;\n      }\n\n      .sakir-portfoy-grid {\n        display:grid;\n        grid-template-columns:repeat(2, minmax(0,1fr));\n        gap:26px;\n      }\n\n      .sakir-port-card {\n        background:#fff;\n        color:var(--navy);\n        border:1px solid #d7dde5;\n        padding:38px;\n        min-height:240px;\n        display:flex;\n        flex-direction:column;\n        justify-content:space-between;\n        text-decoration:none;\n        transition:.25s ease;\n        position:relative;\n        overflow:hidden;\n      }\n\n      .sakir-port-card::after {\n        content:\"\";\n        position:absolute;\n        width:150px;\n        height:150px;\n        border-radius:50%;\n        right:-55px;\n        top:-55px;\n        background:#eef1f3;\n      }\n\n      .sakir-port-card:hover {\n        transform:translateY(-6px);\n        box-shadow:0 22px 55px rgba(0,0,0,.13);\n      }\n\n      .sakir-port-card b {\n        font-family:'Playfair Display', Georgia, serif;\n        font-size:38px;\n        line-height:1.05;\n        position:relative;\n        z-index:2;\n      }\n\n      .sakir-port-card span {\n        margin-top:26px;\n        font-weight:900;\n        text-transform:uppercase;\n        letter-spacing:.9px;\n        position:relative;\n        z-index:2;\n      }\n\n      .sakir-about {\n        display:grid;\n        grid-template-columns:.48fr 1fr;\n        gap:70px;\n        align-items:start;\n      }\n\n      .sakir-about-left {\n        display:flex;\n        flex-direction:column;\n        gap:18px;\n      }\n\n      .sakir-about-photo {\n        border:1px solid #d7dde5;\n        background:#fff;\n        padding:10px;\n        box-shadow:0 20px 45px rgba(0,0,0,.08);\n      }\n\n      \n      .sakir-about-label {\n        margin-bottom:8px;\n        display:block;\n        font-size:14px;\n        letter-spacing:8px;\n        text-transform:uppercase;\n        color:#6c7b97;\n      }\n\n      .sakir-about-label.overlay {\n        position:absolute;\n        top:18px;\n        left:18px;\n        z-index:4;\n        background:rgba(255,255,255,.88);\n        padding:10px 14px;\n        color:#11154b;\n      }\n\n      .sakir-about-badge {\n        position:absolute;\n        left:18px;\n        bottom:18px;\n        background:#11154b;\n        color:#fff;\n        font-weight:700;\n        font-size:32px;\n        padding:10px 22px;\n        z-index:3;\n      }\n\n      .sakir-about-photo {\n        position:relative;\n      }\n\n      .sakir-about-photo img {\n        width:100%;\n        height:420px;\n        object-fit:cover;\n        display:block;\n      }\n\n      .sakir-about-label {\n        position:sticky;\n        top:130px;\n        font-weight:900;\n        letter-spacing:9px;\n        text-transform:uppercase;\n        color:#7c8798;\n        font-size:13px;\n      }\n\n      .sakir-about-text {\n        columns:2;\n        column-gap:54px;\n        font-size:18px;\n        line-height:1.9;\n        color:#253a55;\n      }\n\n      .sakir-about-text p {\n        margin:0 0 26px;\n        break-inside:avoid;\n      }\n\n      .sakir-contact-grid {\n        display:grid;\n        grid-template-columns:repeat(3,1fr);\n        gap:24px;\n      }\n\n      .sakir-contact-card {\n        border:1px solid rgba(255,255,255,.2);\n        background:rgba(255,255,255,.05);\n        padding:34px;\n      }\n\n      .sakir-contact-card small {\n        display:block;\n        color:#c2c8d5;\n        font-size:12px;\n        font-weight:900;\n        letter-spacing:6px;\n        text-transform:uppercase;\n        margin-bottom:18px;\n      }\n\n      .sakir-contact-card b {\n        font-family:'Playfair Display', Georgia, serif;\n        font-size:32px;\n        font-weight:700;\n        color:#fff;\n      }\n\n      .sakir-footer {\n        padding:34px 7vw;\n        background:#0b0d2f;\n        color:#fff;\n        display:flex;\n        justify-content:space-between;\n        gap:20px;\n        font-size:14px;\n      }\n\n      .sakir-footer a {\n        color:#fff;\n        font-weight:800;\n      }\n\n      @media(max-width:1000px) {\n        .sakir-header {height:auto; min-height:86px; padding:18px 22px; align-items:flex-start; gap:20px;}\n        .sakir-menu {gap:16px; flex-wrap:wrap; justify-content:flex-end;}\n        .sakir-menu a {font-size:12px;}\n        .sakir-hero {grid-template-columns:1fr; padding:60px 22px;}\n        .sakir-hero::after {display:none;}\n        .sakir-hero h1 {font-size:64px !important;}\n        .sakir-photo-card img {height:390px; min-height:0;}\n        .sakir-year {left:20px; bottom:20px;}\n        .sakir-section {padding:70px 22px;}\n        .sakir-title-row {display:block;}\n        .sakir-portfoy-grid, .sakir-contact-grid, .sakir-about {grid-template-columns:1fr;}\n        .sakir-about-text {columns:1;}\n        .sakir-footer {flex-direction:column;}\n      }\n    <\/style>\n\n    <div class=\"sakir-wrap\">\n      <header class=\"sakir-header\">\n        <a class=\"sakir-logo\" href=\"#anasayfa\">\n          <span class=\"sakir-logo-text\">\n            <strong>\u015eakir Emlak<\/strong>\n            <span>GAYR\u0130MENKUL DANI\u015eMANLI\u011eI<\/span>\n          <\/span>\n        <\/a>\n\n        <nav class=\"sakir-menu\">\n          <a href=\"#portfoy\">Portf\u00f6ylerimiz<\/a>\n          <a href=\"#hakkimizda\">Hakk\u0131m\u0131zda<\/a>\n          <a href=\"#iletisim\">\u0130leti\u015fim<\/a>\n        <\/nav>\n      <\/header>\n\n      <section class=\"sakir-hero\" id=\"anasayfa\">\n        <div>\n          <div class=\"sakir-kicker\">Cihangir Merkezli Uzman Gayrimenkul Ofisi<\/div>\n          <h1>G\u00fcvenle<br>Ev Sahibi<br>Olun.<\/h1>\n          <p>1990 y\u0131l\u0131ndan bu yana Cihangir, G\u00fcm\u00fc\u015fsuyu, F\u0131nd\u0131kl\u0131 ve \u00c7ukurcuma ba\u015fta olmak \u00fczere gayrimenkul al\u0131m, sat\u0131m ve kiralama s\u00fcre\u00e7lerinde profesyonel dan\u0131\u015fmanl\u0131k.<\/p>\n          <div class=\"sakir-actions\">\n            <a class=\"sakir-btn primary\" href=\"#portfoy\">Portf\u00f6yleri G\u00f6r<\/a>\n            <a class=\"sakir-btn\" href=\"https:\/\/wa.me\/905327073752\" target=\"_blank\" rel=\"noopener\">WhatsApp<\/a>\n          <\/div>\n        <\/div>\n\n        <\/section>\n\n      <section class=\"sakir-section\" id=\"portfoy\">\n        <div class=\"sakir-title-row\">\n          <div>\n            <small>Portf\u00f6ylerimiz<\/small>\n            <h2>G\u00fcncel ilanlara<br>kolay ula\u015f\u0131n.<\/h2>\n          <\/div>\n          <p>\u015eakir Emlak portf\u00f6ylerine sahibinden.com ve hepsiemlak \u00fczerinden ula\u015fabilirsiniz.<\/p>\n        <\/div>\n\n        <div class=\"sakir-portfoy-grid\">\n          <a class=\"sakir-port-card\" href=\"https:\/\/sakiremlak.sahibinden.com\/\" target=\"_blank\" rel=\"noopener\">\n            <b>Sahibinden<br>Portf\u00f6yleri<\/b>\n            <span>\u0130lanlara Git \u2192<\/span>\n          <\/a>\n\n          <a class=\"sakir-port-card\" href=\"https:\/\/www.hepsiemlak.com\/emlak-ofisi\/sakir-emlak-cihangir-13831\" target=\"_blank\" rel=\"noopener\">\n            <b>Hepsiemlak<br>Portf\u00f6yleri<\/b>\n            <span>\u0130lanlara Git \u2192<\/span>\n          <\/a>\n        <\/div>\n      <\/section>\n\n      <section class=\"sakir-section\" id=\"hakkimizda\">\n        <div class=\"sakir-about\">\n          <div class=\"sakir-about-left\">\n            <div class=\"sakir-about-photo\"><div class=\"sakir-about-label overlay\">Hakk\u0131m\u0131zda<\/div><div class=\"sakir-about-badge\">1990<\/div>\n              <img decoding=\"async\" src=\"https:\/\/sakiremlak.com\/wp-content\/plugins\/sakir-emlak-son-kesin\/assets\/sakir-emlak-vitrin.jpg\" alt=\"\u015eakir Emlak Ofisi\">\n            <\/div>\n          <\/div>\n          <div class=\"sakir-about-text\">\n            <p>Gayrimenkul al\u0131m-sat\u0131m\u0131, kiralanmas\u0131 gibi konularda hizmet vermek \u00fczere 1990 y\u0131l\u0131nda bir aile \u015firketi olarak faaliyetlerine ba\u015flayan \u015eakir Emlak Gayrimenkul Dan\u0131\u015fmanl\u0131\u011f\u0131 Sanayi ve Ticaret Limited \u015eirketi, kazand\u0131\u011f\u0131 bilgi ve deneyim birikiminin bir sonucu olarak bug\u00fcn kurumsalla\u015fma a\u015famas\u0131nda h\u0131zla ilerlemektedir.<\/p>\n            <p>\u015eakir Emlak \u00f6zellikle Cihangir, G\u00fcm\u00fc\u015fsuyu, F\u0131nd\u0131kl\u0131 ve \u00c7ukurcuma semtlerinde uzmanla\u015fm\u0131\u015ft\u0131r. Ancak hizmet alan\u0131, Cihangir ve civar\u0131yla s\u0131n\u0131rl\u0131 de\u011fildir. \u0130stanbul d\u0131\u015f\u0131ndaki \u015fehirlerdeki gayrimenkullere y\u00f6nelik hizmet de verebilmektedir.<\/p>\n            <p>\u015eirket olarak bizim en \u00f6nem verdi\u011fimiz de\u011fer, d\u00fcr\u00fcstl\u00fckt\u00fcr. Hizmet anlay\u0131\u015f\u0131 ve g\u00fcvenilirli\u011finin bir sonucu olarak firmam\u0131z, y\u0131llar i\u00e7inde hem m\u00fc\u015fterilerinin hem de meslekta\u015flar\u0131n\u0131n sayg\u0131nl\u0131\u011f\u0131n\u0131 kazanm\u0131\u015f olman\u0131n hakl\u0131 onurunu ta\u015f\u0131maktad\u0131r.<\/p>\n            <p>\u015eAK\u0130R Emlak, m\u00fc\u015fteri memnuniyetine odakl\u0131 bir \u015firkettir. Biz \u00f6ncelikle m\u00fc\u015fterimizin nas\u0131l bir yer arad\u0131\u011f\u0131n\u0131 anlamaya \u00f6zen g\u00f6steririz. B\u00f6ylece de\u011ferli zaman\u0131n\u0131 bo\u015fa harcamaz ve kendisini gereksiz yere yormay\u0131z. Bunu yaparken de m\u00fc\u015fterimizi en \u00e7ok memnun edebilecek alternatifler \u00fczerinde dururuz. Bizim i\u00e7in m\u00fc\u015fterilerimizin b\u00fcromuzdan memnun ayr\u0131lmas\u0131 b\u00fcy\u00fck \u00f6nem ta\u015f\u0131r.<\/p>\n          <\/div>\n        <\/div>\n      <\/section>\n\n      <section class=\"sakir-section dark\" id=\"iletisim\">\n        <div class=\"sakir-title-row\">\n          <div>\n            <small>\u0130leti\u015fim<\/small>\n            <h2>Bizimle<br>ileti\u015fime ge\u00e7in.<\/h2>\n          <\/div>\n          <p>\u015eakir Emlak Gayrimenkul Dan\u0131\u015fmanl\u0131\u011f\u0131 ile do\u011frudan ileti\u015fim kurabilirsiniz.<\/p>\n        <\/div>\n\n        <div class=\"sakir-contact-grid\">\n          <div class=\"sakir-contact-card\">\n            <small>Ofis Telefonu<\/small>\n            <b>0212 293 92 38<\/b>\n          <\/div>\n          <div class=\"sakir-contact-card\">\n            <small>Cep Telefonu<\/small>\n            <b>0 532 707 37 52<\/b>\n          <\/div>\n          <div class=\"sakir-contact-card\">\n            <small>Firma Sahibi<\/small>\n            <b>Serkan P\u0131narba\u015f\u0131<\/b>\n          <\/div>\n        <\/div>\n      <\/section>\n\n      <footer class=\"sakir-footer\">\n        <div>\u00a9 \u015eakir Emlak Gayrimenkul Dan\u0131\u015fmanl\u0131\u011f\u0131<\/div>\n        <a href=\"https:\/\/wa.me\/905327073752\" target=\"_blank\" rel=\"noopener\">WhatsApp ile ileti\u015fime ge\u00e7<\/a>\n      <\/footer>\n    <\/div>\n    \n","protected":false},"excerpt":{"rendered":"","protected":false},"author":1,"featured_media":0,"parent":0,"menu_order":0,"comment_status":"closed","ping_status":"closed","template":"","meta":{"footnotes":""},"class_list":["post-7","page","type-page","status-publish","hentry"],"_links":{"self":[{"href":"https:\/\/sakiremlak.com\/index.php?rest_route=\/wp\/v2\/pages\/7","targetHints":{"allow":["GET"]}}],"collection":[{"href":"https:\/\/sakiremlak.com\/index.php?rest_route=\/wp\/v2\/pages"}],"about":[{"href":"https:\/\/sakiremlak.com\/index.php?rest_route=\/wp\/v2\/types\/page"}],"author":[{"embeddable":true,"href":"https:\/\/sakiremlak.com\/index.php?rest_route=\/wp\/v2\/users\/1"}],"replies":[{"embeddable":true,"href":"https:\/\/sakiremlak.com\/index.php?rest_route=%2Fwp%2Fv2%2Fcomments&post=7"}],"version-history":[{"count":1,"href":"https:\/\/sakiremlak.com\/index.php?rest_route=\/wp\/v2\/pages\/7\/revisions"}],"predecessor-version":[{"id":9,"href":"https:\/\/sakiremlak.com\/index.php?rest_route=\/wp\/v2\/pages\/7\/revisions\/9"}],"wp:attachment":[{"href":"https:\/\/sakiremlak.com\/index.php?rest_route=%2Fwp%2Fv2%2Fmedia&parent=7"}],"curies":[{"name":"wp","href":"https:\/\/api.w.org\/{rel}","templated":true}]}}